= q**2 + 2*q - 13. Let x be g(11). Let i = -57 + x. Calculate the remainder when i is divided by 25.
23
Suppose p + 4*p + 57 = -g, -5*g - 33 = 4*p. Calculate the remainder when 70 is divided by 60/2*p/(-15).
22
Let w(m) = -m**2 - 12*m + 8. Suppose 44 + 136 = 5*r. What is the remainder when r is divided by w(-11)?
17
Suppose -2*a + 0*a = -30. Let y be -1*(-5)/(a/6). Calculate the remainder when 47/9 + y/(-9) is divided by 4.
1
Suppose -4*a - x + 44 = 0, -3*a + 2*a - x + 11 = 0. What is the remainder when a is divided by 5 + (0 - (2 + -1))?
3
Suppose -4*h + 202 = -5*x, 3*h - 32 = -2*x + 131. What is the remainder when h is divided by 14?
11
Let z(g) = g**3 - 3*g**2 - 4*g + 5. Suppose -10 = -5*x + 10. What is the remainder when 8 is divided by z(x)?
3
Suppose 2*p - 68 = -2*p. What is the remainder when 65 is divided by p?
14
Calculate the remainder when ((-8)/6)/((-4)/102) is divided by -2 - 2/2 - -21.
16
Let w(z) = -z**3 + 5*z**2 + 3*z - 2. Let q be w(4). Let r = q - 20. Calculate the remainder when r is divided by 2.
0
Let w(o) = o**2 + 6*o + 18. What is the remainder when w(-9) is divided by 16?
13
Let f(c) = -c**3 + 11*c**2 - 13*c + 6. Calculate the remainder when 201 is divided by f(9).
48
Suppose 5*t - 2*y = -0*y + 158, -5*y - 80 = -2*t. Calculate the remainder when t is divided by 17 + (-2)/(-4)*-2.
14
Calculate the remainder when ((-12)/(-30))/((-2)/(-120)) is divided by 13.
11
Let x = -14 + 21. Let t = 37 + -25. Calculate the remainder when t is divided by x.
5
Let p(k) = 21*k. What is the remainder when p(1) is divided by 8?
5
Let k = -34 - -162. Suppose -i = -3*i + k. Calculate the remainder when i is divided by 13.
12
Suppose 70 = w + 2*f, -w + 4*f + 26 = -38. Suppose -3*j + w = j. Let t(a) = a**3 + a**2 + a + 6. What is the remainder when j is divided by t(0)?
5
Let i(a) = 8*a**2 + 4*a + 3. What is the remainder when 105 is divided by i(-2)?
24
Suppose 0 = 3*g - 4*g + 14. Calculate the remainder when ((-60)/75)/(197/(-65) - -3) is divided by g.
12
Let f = -46 + 64. Suppose -3*a + 20 = -a. Calculate the remainder when f is divided by a.
8
Let p be -31 + 0*(-3)/6. Let d = -14 - p. What is the remainder when d is divided by 6?
5
Let a = -132 - -191. Suppose n - 8*z = -3*z + 36, -2*n = 5*z - 27. Calculate the remainder when a is divided by n.
17
Let a(f) = 2*f**2 - 4*f**2 - f**3 + f**2 - 5*f**2 - 3 - f. Let c be a(-6). Suppose -c*x = -4*x + 53. What is the remainder when x is divided by 18?
17
Suppose 0 = 5*c - 193 - 87. What is the remainder when c is divided by 10?
6
Let w be (-10)/(-3) - (-8)/12. Suppose 0 = -4*r - w*m + 40, 5 = r + 4*m - 8. Suppose -101 + r = -4*n. What is the remainder when n is divided by 12?
11
Let d = 6 - 8. Suppose 3*p - 7 = 11. What is the remainder when 8 + (-1 - -1 - d) is divided by p?
4
Let a(h) = -25*h**3 + 2*h**2 - 1. What is the remainder when 76 is divided by a(-1)?
24
Let a be 0 - -4*(3 - 5). Let s(w) = -w**2 - 10*w - 5. Suppose h - 19 = -3*u, -3*h - 2*h = -u - 159. What is the remainder when h is divided by s(a)?
9
Suppose 4*r - 10 = 2. Suppose 3*g - 2 = 1. Calculate the remainder when r is divided by g.
0
Suppose 80 = 5*m - 150. Suppose -5*a = 5*d - 90, d - 4*a - 72 = -4*d. Calculate the remainder when m is divided by d.
14
Let o(s) = -s + 15. What is the remainder when 102 is divided by o(-6)?
18
Suppose -5*i - 4*m + 0 - 10 = 0, 0 = -i + 4*m - 26. What is the remainder when 29 is divided by (60/8)/(i/(-8))?
9
Let v(j) = 65*j + 2 - 2 - 1. Let a be v(2). Let q = a - 80. What is the remainder when q is divided by 17?
15
Suppose 0 = -5*q + 10, r + 0 = -3*q + 10. Calculate the remainder when 15 is divided by r.
3
Suppose -5*q - 42 = q. Let k(a) = -5*a - 4. What is the remainder when k(q) is divided by 16?
15
Suppose 5*v = -4*z + 77, 2*v + 5*z + 78 = 6*v. Calculate the remainder when 49 is divided by v.
15
Suppose -48*w = -47*w - 92. What is the remainder when w is divided by 19?
16
Let k = 81 + -40. What is the remainder when k is divided by 14?
13
Let m = 106 - 62. Calculate the remainder when 171 is divided by m.
39
What is the remainder when (8/20)/(1/155) is divided by 33?
29
Suppose -3*b + 5*r = -63, 6*b + 42 = 8*b + r. What is the remainder when 166 is divided by b?
19
Let x(j) = j**2 - 6*j - 14. Let l = 3 - -1. What is the remainder when x(-3) is divided by l?
1
Let n be 0 - 2 - 1*-5. Suppose n*g + 1 - 25 = 0. Calculate the remainder when g is divided by 5.
3
Let l(j) = 4*j - 3. Let h be ((-6)/4)/(9/(-12)). Let v be l(h). Suppose 0*i + 20 = 2*y - 4*i, -3*y + v*i = -26. What is the remainder when 5 is divided by y?
1
Suppose -2*i + 3*z + 22 = -0*i, 2*z = 2*i - 18. Suppose -132 = -3*c - 3*f, -38 - 94 = -3*c - i*f. Calculate the remainder when c + (-1)/(-2)*0 is divided by 15.
14
Suppose 5*y - 155 = -0*y. Let p = 58 - y. What is the remainder when 105 is divided by p?
24
Suppose 0*q = -4*q + 16. Suppose 5*z - 4*n + 213 = 0, -129 = q*z - z - 3*n. Let w = 23 - z. Calculate the remainder when w is divided by 22.
20
Suppose 2*l - 6*l + 483 = 5*r, -372 = -4*r + 4*l. What is the remainder when r is divided by 0 + -5 - (3 + -32)?
23
Suppose 9 = u - 10. Calculate the remainder when 72 is divided by u.
15
Suppose 3*a + a = 60. Calculate the remainder when a is divided by 6.
3
Let t(g) = g**3 + 5*g**2 - 3*g - 7. Let j be t(-6). Let a = 28 + j. What is the remainder when a is divided by 1?
0
Suppose 0 = 28*j - 30*j + 76. Calculate the remainder when 301 is divided by j.
35
Let a be -7*-1*(-36)/21. Calculate the remainder when 3/a - (-532)/16 is divided by 18.
15
Suppose 4*x - 8*n + 28 = -3*n, 5*n = 2*x + 24. Let k = 4 + x. Calculate the remainder when 2 is divided by k.
0
Let l be (-1 - (-2)/8)*-4. Suppose -3*u - 5*w = -25, -4*w + 13 = l*u - 10. What is the remainder when 9 is divided by u?
4
Let h(w) = w**2 - 8*w - 5. Let v be 0 - 36 - (5 + -6). Let z = -25 - v. What is the remainder when h(z) is divided by 9?
6
What is the remainder when (-3 + 5/2)*-122 is divided by 21?
19
Suppose c - 30 = -10. Suppose 4*u - 3*u = 78. What is the remainder when u is divided by c?
18
Let r(p) = -p**2 + 16*p - 18. Calculate the remainder when 39 is divided by r(14).
9
Let p = 4 - -3. Suppose 3*m = -2*r - 10, 3*r + 3*m - p = -25. Calculate the remainder when 5 is divided by 4/(-16) - 26/r.
2
Calculate the remainder when 42 is divided by (6/(-3))/(4/(-18)).
6
Let q(l) = -l + 13. Let v be q(6). Let o(d) = -d**2 + 6*d - 1. Let w be o(5). Let t = w + v. What is the remainder when 21 is divided by t?
10
Let d(s) = 2*s**2 - s + 3. Suppose -2*m = 3 - 1. Let p = m + 4. What is the remainder when d(p) is divided by 10?
8
Let r(q) = q**3 - q**2 + q + 28. Let b(s) = s**2 - 3*s - 3. What is the remainder when r(0) is divided by b(-3)?
13
Let v(w) = -w**2 + 9*w + 1. Calculate the remainder when 37 is divided by v(6).
18
Let z(q) = -q**2 + 7*q - 3. Suppose 28 - 10 = 3*v. What is the remainder when 4 is divided by z(v)?
1
Suppose 2*q = 3*q + 4*x - 18, 0 = 2*q - 4*x - 12. Calculate the remainder when 39 is divided by q.
9
Let h = -12 + 16. What is the remainder when h is divided by 2?
0
Let a(k) = -k**3 + 7*k**2 + 3*k + 10. Let h be a(7). Suppose 4*i = h + 61. Suppose -j + 5 + 7 = 0. Calculate the remainder when i is divided by j.
11
Let o(w) = w - 1. Let k be o(-2). What is the remainder when 52 is divided by (-6)/(-9) - 52/k?
16
Let p = -9 - -9. Suppose 2*g - v - 1 = p, -v = -2 - 1. What is the remainder when 3 is divided by g?
1
Suppose 0 = -2*r - 2*r + 12. Suppose 76 = 7*c - r*c. Let t = 10 + c. What is the remainder when t is divided by 10?
9
Let i be 2*(3 + -2 + 0). Suppose 0 = -i*w - x + 26, -5*w - x + 2 = -60. What is the remainder when 417/w + (-6)/8 is divided by 12?
10
Let b = -20 - -36. What is the remainder when b is divided by 6?
4
Let d = 34 + -18. Suppose -5*o = -4*c - d, -2*c + 5 = 3. Suppose -15*p + 120 = -3*p. Calculate the remainder when p is divided by o.
2
What is the remainder when 101 is divided by (-370)/(-18) - 128/(-288)?
17
Suppose 0 = g + 4*g - 45. Let y(n) = 0 - 2 - 2 + 2*n. What is the remainder when y(g) is divided by 5?
4
Suppose -304 = -12*j - 4. What is the remainder when j is divided by 5?
0
Suppose 6 - 58 = -4*s - 4*p, 4*s = p + 32. What is the remainder when 17 is divided by s?
8
Let q(k) = k - 15. Wh